{"id":345,"date":"2025-02-21T14:22:31","date_gmt":"2025-02-21T13:22:31","guid":{"rendered":"https:\/\/oakroadinvest.club\/Vydavatelstvo\/?post_type=product&#038;p=345"},"modified":"2025-05-17T15:08:32","modified_gmt":"2025-05-17T13:08:32","slug":"bestseller-cely-proces-od-napadu-az-po-publikovanie-a-distribuciu","status":"publish","type":"product","link":"https:\/\/oakroadinvest.club\/Vydavatelstvo\/produkt\/bestseller-cely-proces-od-napadu-az-po-publikovanie-a-distribuciu\/","title":{"rendered":"Bestseller!!! Cel\u00fd proces od n\u00e1padu a\u017e po publikovanie a distrib\u00faciu"},"content":{"rendered":"<p><strong>Kniha bez obmedzen\u00ed!!!<\/strong><\/p>\n<p>*Predplatn\u00e9 na vyd\u00e1vanie kn\u00edh: Od konceptu po publik\u00e1ciu**<\/p>\n<p>Ste autorom, ktor\u00fd chce vyda\u0165 svoju knihu, no nie ste si ist\u00ed, kde za\u010da\u0165 alebo ako sa orientova\u0165 v zlo\u017eitom procese? Na\u0161e predplatn\u00e9 vydavate\u013estva kn\u00edh v\u00e1m pom\u00f4\u017ee. S na\u0161ou komplexnou slu\u017ebou z\u00edskate odborn\u00e9 poradenstvo a podporu na ka\u017edom kroku, od konceptu a\u017e po publik\u00e1ciu a distrib\u00faciu.<\/p>\n<p>**\u010co je v cene:***<\/p>\n<p>* **V\u00fdvoj konceptu:** N\u00e1\u0161 t\u00edm s vami bude spolupracova\u0165 na v\u00fdvoji konceptu va\u0161ej knihy vr\u00e1tane n\u00e1\u010drtu, v\u00fdvoja postavy a \u0161trukt\u00fary deja.<br \/>\n* **P\u00edsanie a \u00faprava:** Poskytneme v\u00e1m poradenstvo a podporu, ktor\u00e1 v\u00e1m pom\u00f4\u017ee nap\u00edsa\u0165 a upravi\u0165 v\u00e1\u0161 rukopis, vr\u00e1tane sp\u00e4tnej v\u00e4zby k obsahu, \u0161trukt\u00fare a \u0161t\u00fdlu.<br \/>\n* **N\u00e1vrh a form\u00e1tovanie:** N\u00e1\u0161 t\u00edm vytvor\u00ed profesion\u00e1lne vyzeraj\u00faci dizajn obalu a naform\u00e1tuje va\u0161u knihu na digit\u00e1lnu distrib\u00faciu vr\u00e1tane form\u00e1tov e-kn\u00edh a audiokn\u00edh.<br \/>\n* **V\u00fdroba a korekt\u00fary:** Postar\u00e1me sa o v\u00fdrobu a korekt\u00fary va\u0161ej knihy, pri\u010dom zabezpe\u010d\u00edme, \u017ee bude bez ch\u00fdb a pripraven\u00e1 na vydanie.<br \/>\n* **Registr\u00e1cia ISBN:** Va\u0161u knihu zaregistrujeme pod medzin\u00e1rodn\u00fdm \u0161tandardn\u00fdm \u010d\u00edslom knihy (ISBN), aby ju \u010ditatelia a predajcovia \u013eahko na\u0161li.<br \/>\n* **Distrib\u00facia:** Va\u0161u knihu budeme distribuova\u0165 do ve\u013ek\u00fdch kn\u00edhkupectiev na Slovensku a online predajcov vr\u00e1tane Amazonu, Apple Books, Google Play a \u010fal\u0161\u00edch, aby ste mohli oslovi\u0165 glob\u00e1lne publikum.<br \/>\n* **Marketing a propag\u00e1cia:** N\u00e1\u0161 t\u00edm v\u00e1m poskytne poradenstvo a podporu, ktor\u00e9 v\u00e1m pom\u00f4\u017eu pred\u00e1va\u0165 a propagova\u0165 va\u0161u knihu, vr\u00e1tane spr\u00e1vy soci\u00e1lnych m\u00e9di\u00ed, e-mailov\u00e9ho marketingu a podpisovania kn\u00edh.<\/p>\n<p>**V\u00fdhody:**<\/p>\n<p>* **Odborn\u00e9 poradenstvo:** N\u00e1\u0161 t\u00edm vydavate\u013esk\u00fdch profesion\u00e1lov v\u00e1s prevedie ka\u017ed\u00fdm krokom procesu a zabezpe\u010d\u00ed, \u017ee va\u0161a kniha bude vydan\u00e1 pod\u013ea najvy\u0161\u0161\u00edch \u0161tandardov.<br \/>\n* **\u00daspora \u010dasu:** Outsourcingom procesu publikovania u\u0161etr\u00edte \u010das a energiu, \u010do v\u00e1m umo\u017en\u00ed s\u00fastredi\u0165 sa na to, na \u010dom najviac z\u00e1le\u017e\u00ed \u2013 na p\u00edsanie a zdie\u013eanie v\u00e1\u0161ho pr\u00edbehu.<br \/>\n* **N\u00e1kladovo efekt\u00edvne:** Na\u0161a predplatite\u013esk\u00e1 slu\u017eba je navrhnut\u00e1 tak, aby bola cenovo dostupn\u00e1 a dostupn\u00e1 pre autorov v\u0161etk\u00fdch \u00farovn\u00ed, bez ak\u00fdchko\u013evek poplatkov vopred alebo skryt\u00fdch poplatkov.<br \/>\n* **Glob\u00e1lny dosah:** Na\u0161a distribu\u010dn\u00e1 sie\u0165 zais\u0165uje, \u017ee va\u0161a kniha je dostupn\u00e1 \u010ditate\u013eom na celom svete, \u010d\u00edm v\u00e1m d\u00e1va pr\u00edle\u017eitos\u0165 oslovi\u0165 glob\u00e1lne publikum.<\/p>\n<p>**Mo\u017enosti predplatn\u00e9ho:**<\/p>\n<p>&nbsp;<\/p>\n<p>**Objednajte si teraz a za\u010dnite publikova\u0165 svoju knihu e\u0161te dnes!**<\/p>\n","protected":false},"excerpt":{"rendered":"<p>Predplatn\u00e9 na vyd\u00e1vanie kn\u00edh: Od konceptu po publik\u00e1ciu**<\/p>\n<p>Ste autorom, ktor\u00fd chce vyda\u0165 svoju knihu, no nie ste si ist\u00ed, kde za\u010da\u0165 alebo ako sa orientova\u0165 v zlo\u017eitom procese? Na\u0161e predplatn\u00e9 vydavate\u013estva kn\u00edh v\u00e1m pom\u00f4\u017ee. S na\u0161ou komplexnou slu\u017ebou z\u00edskate odborn\u00e9 poradenstvo a podporu na ka\u017edom kroku, od konceptu a\u017e po publik\u00e1ciu a distrib\u00faciu.<\/p>\n<p>&nbsp;<\/p>\n<p>&nbsp;<\/p>\n<p>&nbsp;<\/p>\n<p>&nbsp;<\/p>\n","protected":false},"featured_media":346,"comment_status":"open","ping_status":"closed","template":"","meta":[],"product_brand":[],"product_cat":[22],"product_tag":[],"class_list":{"0":"post-345","1":"product","2":"type-product","3":"status-publish","4":"has-post-thumbnail","6":"product_cat-subscription","8":"first","9":"instock","10":"virtual","11":"purchasable","12":"product-type-simple"},"aioseo_notices":[],"jetpack_sharing_enabled":true,"_links":{"self":[{"href":"https:\/\/oakroadinvest.club\/Vydavatelstvo\/wp-json\/wp\/v2\/product\/345","targetHints":{"allow":["GET"]}}],"collection":[{"href":"https:\/\/oakroadinvest.club\/Vydavatelstvo\/wp-json\/wp\/v2\/product"}],"about":[{"href":"https:\/\/oakroadinvest.club\/Vydavatelstvo\/wp-json\/wp\/v2\/types\/product"}],"replies":[{"embeddable":true,"href":"https:\/\/oakroadinvest.club\/Vydavatelstvo\/wp-json\/wp\/v2\/comments?post=345"}],"wp:featuredmedia":[{"embeddable":true,"href":"https:\/\/oakroadinvest.club\/Vydavatelstvo\/wp-json\/wp\/v2\/media\/346"}],"wp:attachment":[{"href":"https:\/\/oakroadinvest.club\/Vydavatelstvo\/wp-json\/wp\/v2\/media?parent=345"}],"wp:term":[{"taxonomy":"product_brand","embeddable":true,"href":"https:\/\/oakroadinvest.club\/Vydavatelstvo\/wp-json\/wp\/v2\/product_brand?post=345"},{"taxonomy":"product_cat","embeddable":true,"href":"https:\/\/oakroadinvest.club\/Vydavatelstvo\/wp-json\/wp\/v2\/product_cat?post=345"},{"taxonomy":"product_tag","embeddable":true,"href":"https:\/\/oakroadinvest.club\/Vydavatelstvo\/wp-json\/wp\/v2\/product_tag?post=345"}],"curies":[{"name":"wp","href":"https:\/\/api.w.org\/{rel}","templated":true}]}}