{"id":247,"date":"2025-02-19T21:57:09","date_gmt":"2025-02-19T20:57:09","guid":{"rendered":"https:\/\/oakroadinvest.club\/Vydavatelstvo\/?post_type=product&#038;p=247"},"modified":"2025-02-19T21:57:10","modified_gmt":"2025-02-19T20:57:10","slug":"ako-hovorit-ked-deti-nechcu-pocuvat","status":"publish","type":"product","link":"https:\/\/oakroadinvest.club\/Vydavatelstvo\/produkt\/ako-hovorit-ked-deti-nechcu-pocuvat\/","title":{"rendered":"Ako hovori\u0165, ke\u010f deti nechc\u00fa po\u010d\u00fava\u0165"},"content":{"rendered":"<p>Najnov\u0161\u00ed sprievodca zo s\u00e9rie bestsellerov Ako hovori\u0165 aplikuje d\u00f4veryhodn\u00e9 a efekt\u00edvne komunika\u010dn\u00e9 strat\u00e9gie na rie\u0161enie naj\u0165a\u017e\u0161\u00edch v\u00fdziev pri v\u00fdchove det\u00ed.<\/p>\n<p>Joanna Faber a Julie King tentokr\u00e1t prisp\u00f4sobili osved\u010den\u00e9 komunika\u010dn\u00e9 strat\u00e9gie niektor\u00fdm z najn\u00e1ro\u010dnej\u0161\u00edch momentov rodi\u010dovstva \u2013 od z\u00e1chvatov hnevu cez z\u00e1vislos\u0165 od technol\u00f3gi\u00ed a\u017e po rozhovory o nepr\u00edjemn\u00fdch t\u00e9mach.<\/p>\n<p>V prvej \u010dasti knihy sa zozn\u00e1mite so z\u00e1kladn\u00fdmi komunika\u010dn\u00fdmi zru\u010dnos\u0165ami, v\u010faka ktor\u00fdm budete schopn\u00ed zmeni\u0165 v\u00e1\u0161 vz\u0165ah s de\u0165mi. V druhej \u010dasti odpovedaj\u00fa Joanna a Julie na konkr\u00e9tne ot\u00e1zky, podelia sa o skuto\u010dn\u00e9 pr\u00edbehy a predstavia n\u00e1stroje na rie\u0161enie probl\u00e9mov, ako s\u00fa dom\u00e1ce \u00falohy, s\u00farodeneck\u00e9 bitky, dilemy oh\u013eadom pou\u017e\u00edvania technol\u00f3gi\u00ed, probl\u00e9my s trestami a \u010fal\u0161ie.<\/p>\n<p>Prostredn\u00edctvom kombin\u00e1cie re\u00e1lnych pr\u00edbehov od rodi\u010dov a u\u010dite\u013eov, vtipn\u00fdch ilustr\u00e1ci\u00ed a z\u00e1bavn\u00fdch cvi\u010den\u00ed pon\u00faka kniha Ako hovori\u0165, ke\u010f deti nechc\u00fa po\u010d\u00fava\u0165 spo\u013eahliv\u00e9 rie\u0161enia probl\u00e9mov, s ktor\u00fdmi sa u\u017e stretol ka\u017ed\u00fd rodi\u010d, star\u00fd rodi\u010d, u\u010dite\u013e a ktoko\u013evek, kto \u017eije alebo pracuje s de\u0165mi. \u010citatelia si v nej m\u00f4\u017eu nalistova\u0165 ak\u00fako\u013evek t\u00e9mu, ktor\u00e1 ich zauj\u00edma, a n\u00e1js\u0165 tipy pomocou praktick\u00fdch \u201ezhrnut\u00ed\u201c nach\u00e1dzaj\u00facich sa na konci ka\u017edej kapitoly.<\/p>\n<p>&nbsp;<\/p>\n<p class=\"features-list\"><span class=\"name\">Vydavate\u013estvo:<\/span>\u00a0<strong class=\"value\">Lindeni<\/strong><\/p>\n<p class=\"features-list\"><span class=\"name\">V\u00e4zba:<\/span>\u00a0<strong class=\"value\">lepen\u00e1 \/ m\u00e4kk\u00e1 ob\u00e1lka<\/strong><\/p>\n<p class=\"features-list\"><span class=\"name\">EAN:<\/span>\u00a0<strong class=\"value\">9788056629710<\/strong><\/p>\n<p class=\"features-list\"><span class=\"name\">Rok vydania:<\/span>\u00a0<strong class=\"value\">2023<\/strong><\/p>\n<p class=\"features-list\"><span class=\"name\">Po\u010det str\u00e1n:<\/span>\u00a0<strong class=\"value\">296<\/strong><\/p>\n","protected":false},"excerpt":{"rendered":"<p>Najnov\u0161\u00ed sprievodca zo s\u00e9rie bestsellerov Ako hovori\u0165 aplikuje d\u00f4veryhodn\u00e9 a efekt\u00edvne komunika\u010dn\u00e9 strat\u00e9gie na rie\u0161enie naj\u0165a\u017e\u0161\u00edch v\u00fdziev pri v\u00fdchove det\u00ed. Joanna Faber a Julie King tentokr\u00e1t prisp\u00f4sobili osved\u010den\u00e9 komunika\u010dn\u00e9 strat\u00e9gie niektor\u00fdm z najn\u00e1ro\u010dnej\u0161\u00edch momentov rodi\u010dovstva \u2013 od z\u00e1chvatov hnevu cez z\u00e1vislos\u0165 od technol\u00f3gi\u00ed a\u017e po rozhovory o nepr\u00edjemn\u00fdch t\u00e9mach. V prvej \u010dasti knihy sa zozn\u00e1mite [&hellip;]<\/p>\n","protected":false},"featured_media":248,"comment_status":"open","ping_status":"closed","template":"","meta":[],"product_brand":[],"product_cat":[19],"product_tag":[],"class_list":{"0":"post-247","1":"product","2":"type-product","3":"status-publish","4":"has-post-thumbnail","6":"product_cat-books","8":"first","9":"instock","10":"shipping-taxable","11":"product-type-external"},"aioseo_notices":[],"jetpack_sharing_enabled":true,"_links":{"self":[{"href":"https:\/\/oakroadinvest.club\/Vydavatelstvo\/wp-json\/wp\/v2\/product\/247","targetHints":{"allow":["GET"]}}],"collection":[{"href":"https:\/\/oakroadinvest.club\/Vydavatelstvo\/wp-json\/wp\/v2\/product"}],"about":[{"href":"https:\/\/oakroadinvest.club\/Vydavatelstvo\/wp-json\/wp\/v2\/types\/product"}],"replies":[{"embeddable":true,"href":"https:\/\/oakroadinvest.club\/Vydavatelstvo\/wp-json\/wp\/v2\/comments?post=247"}],"wp:featuredmedia":[{"embeddable":true,"href":"https:\/\/oakroadinvest.club\/Vydavatelstvo\/wp-json\/wp\/v2\/media\/248"}],"wp:attachment":[{"href":"https:\/\/oakroadinvest.club\/Vydavatelstvo\/wp-json\/wp\/v2\/media?parent=247"}],"wp:term":[{"taxonomy":"product_brand","embeddable":true,"href":"https:\/\/oakroadinvest.club\/Vydavatelstvo\/wp-json\/wp\/v2\/product_brand?post=247"},{"taxonomy":"product_cat","embeddable":true,"href":"https:\/\/oakroadinvest.club\/Vydavatelstvo\/wp-json\/wp\/v2\/product_cat?post=247"},{"taxonomy":"product_tag","embeddable":true,"href":"https:\/\/oakroadinvest.club\/Vydavatelstvo\/wp-json\/wp\/v2\/product_tag?post=247"}],"curies":[{"name":"wp","href":"https:\/\/api.w.org\/{rel}","templated":true}]}}