{"id":272,"date":"2025-02-20T13:31:18","date_gmt":"2025-02-20T12:31:18","guid":{"rendered":"https:\/\/oakroadinvest.club\/Vydavatelstvo\/?page_id=272"},"modified":"2026-01-14T20:32:27","modified_gmt":"2026-01-14T19:32:27","slug":"audio-rozhlasova-relacia","status":"publish","type":"page","link":"https:\/\/oakroadinvest.club\/Vydavatelstvo\/audio-rozhlasova-relacia\/","title":{"rendered":"audio-rozhlasova-relacia"},"content":{"rendered":"\n<div class=\"wp-block-columns is-layout-flex wp-container-core-columns-is-layout-28f84493 wp-block-columns-is-layout-flex\">\n<div class=\"wp-block-column is-layout-flow wp-block-column-is-layout-flow\" style=\"flex-basis:100%\">\n<figure class=\"wp-block-gallery has-nested-images columns-default is-cropped wp-block-gallery-1 is-layout-flex wp-block-gallery-is-layout-flex\">\n<figure class=\"wp-block-image size-full\"><img fetchpriority=\"high\" decoding=\"async\" width=\"968\" height=\"464\" data-id=\"273\" src=\"https:\/\/oakroadinvest.club\/Vydavatelstvo\/wp-content\/uploads\/2025\/02\/Screenshot-2025-02-20-105617-1.png\" alt=\"\" class=\"wp-image-273\" srcset=\"https:\/\/oakroadinvest.club\/Vydavatelstvo\/wp-content\/uploads\/2025\/02\/Screenshot-2025-02-20-105617-1.png 968w, https:\/\/oakroadinvest.club\/Vydavatelstvo\/wp-content\/uploads\/2025\/02\/Screenshot-2025-02-20-105617-1-300x144.png 300w, https:\/\/oakroadinvest.club\/Vydavatelstvo\/wp-content\/uploads\/2025\/02\/Screenshot-2025-02-20-105617-1-768x368.png 768w, https:\/\/oakroadinvest.club\/Vydavatelstvo\/wp-content\/uploads\/2025\/02\/Screenshot-2025-02-20-105617-1-600x288.png 600w\" sizes=\"(max-width: 968px) 100vw, 968px\" \/><\/figure>\n<\/figure>\n<\/div>\n<\/div>\n\n\n\n<p id=\"isPasted\"><\/p>\n\n\n\n<div class=\"wp-block-group alignfull has-global-padding is-content-justification-center is-layout-constrained wp-container-core-group-is-layout-df757ecc wp-block-group-is-layout-constrained\" style=\"margin-top:0;margin-bottom:0;padding-top:calc( 0.5 * var(--wp--style--root--padding-right, var(--wp--custom--gap--horizontal)));padding-right:var(--wp--style--root--padding-right, var(--wp--custom--gap--horizontal));padding-bottom:calc( 0.5 * var(--wp--style--root--padding-right, var(--wp--custom--gap--horizontal)));padding-left:var(--wp--style--root--padding-left, var(--wp--custom--gap--horizontal))\">\n<div style=\"height:calc( 0.25 * var(--wp--style--root--padding-right, var(--wp--custom--gap--horizontal)))\" aria-hidden=\"true\" class=\"wp-block-spacer\"><\/div>\n\n\n\n<div class=\"wp-block-media-text alignfull has-media-on-the-right is-stacked-on-mobile\"><div class=\"wp-block-media-text__content\">\n<h6 class=\"wp-block-heading\">Deti s\u00fa z\u00e1zrak. Vie to aj Lucia Golinska, autorka pr\u00edbehu o diev\u010datku El\u017ebietke, ktor\u00e1 vie ve\u013emi pekne kresli\u0165. Jej okolie si ju v\u0161ak nev\u0161\u00edma, a tak je El\u017ebietka smutn\u00e1. Jedn\u00e9ho d\u0148a venuje jeden zo svojich obrazov star\u0161iemu p\u00e1novi, ktor\u00fd je predava\u010dom na trhu, v\u00fdmenou za jeho star\u00fd, ale z\u00e1zra\u010dn\u00fd kab\u00e1t. Ten dok\u00e1\u017ee ka\u017ed\u00e9ho, kto si ho oble\u010die, prenies\u0165 na jeho vysn\u00edvan\u00e9 miesta. Diev\u010datko spolu s bratom a dokonca aj rodi\u010dia si kab\u00e1t oble\u010d\u00fa, no napokon zistia, \u017ee najkraj\u0161ie a najlep\u0161ie miesto na zemi je doma, pri svojej rodine.<\/h6>\n\n\n\n<p>Kniha poukazuje na r\u00f4zne veci, napr\u00edklad na to, \u017ee: treba si v\u00e1\u017ei\u0165 m\u00fadros\u0165 star\u0161\u00edch \u013eud\u00ed, je kr\u00e1sne podeli\u0165 sa so svoj\u00edm talentom, najv\u00e4\u010d\u0161iu rados\u0165 m\u00f4\u017eeme ma\u0165 z obdarovania druh\u00fdch, sila modlitby dok\u00e1\u017ee zoceli\u0165 rodinu a prinies\u0165 uzdravenie chor\u00fdm&#8230; V neposlednom rade v\u0161ak autorka vyjadruje, \u017ee to najkraj\u0161ie sa skr\u00fdva v de\u0165och a samotn\u00e9 deti s\u00fa z\u00e1zrak&#8230;<\/p>\n\n\n\n<figure class=\"wp-block-audio\"><audio controls src=\"https:\/\/oakroadinvest.club\/Vydavatelstvo\/wp-content\/uploads\/2025\/02\/sluchovisko-deti-su-zazrak.mp3\"><\/audio><\/figure>\n<\/div><figure class=\"wp-block-media-text__media\"><img decoding=\"async\" width=\"400\" height=\"400\" src=\"https:\/\/oakroadinvest.club\/Vydavatelstvo\/wp-content\/uploads\/2025\/02\/deti-su-zazrak.jpg\" alt=\"\" class=\"wp-image-275 size-full\" srcset=\"https:\/\/oakroadinvest.club\/Vydavatelstvo\/wp-content\/uploads\/2025\/02\/deti-su-zazrak.jpg 400w, https:\/\/oakroadinvest.club\/Vydavatelstvo\/wp-content\/uploads\/2025\/02\/deti-su-zazrak-300x300.jpg 300w, https:\/\/oakroadinvest.club\/Vydavatelstvo\/wp-content\/uploads\/2025\/02\/deti-su-zazrak-150x150.jpg 150w, https:\/\/oakroadinvest.club\/Vydavatelstvo\/wp-content\/uploads\/2025\/02\/deti-su-zazrak-100x100.jpg 100w\" sizes=\"(max-width: 400px) 100vw, 400px\" \/><\/figure><\/div>\n\n\n\n<div class=\"wp-block-media-text alignfull has-media-on-the-right is-stacked-on-mobile\"><div class=\"wp-block-media-text__content\">\n<h6 class=\"wp-block-heading\">Viano\u010dn\u00e1 ABECEDA s El\u017ebietkou a Jankom<br>El\u017ebietka sa boj\u00ed, \u017ee si pod strom\u010dekom ni\u010d nen\u00e1jde, lebo sa jej nechcelo u\u010di\u0165. Rozhodne sa preto, \u017ee to sk\u00fasi vynahradi\u0165 a za\u010dne u\u010di\u0165 abecedu mal\u00e9ho bra\u010deka Janka. Na ka\u017ed\u00e9 p\u00edsmeno abecedy je v knihe uveden\u00e1 kr\u00e1tka b\u00e1sni\u010dka, ktor\u00e1 obsahuje ponau\u010denie a z\u00e1rove\u0148 sprostredk\u00fava \u010darovn\u00fd viano\u010dn\u00fd pr\u00edbeh.<\/h6>\n\n\n\n<p>Za\u010d\u00edtajte sa do Viano\u010dnej ABECEDY s El\u017ebietkou a Jankom a za\u017eite Vianoce vo va\u0161ej rodine ka\u017ed\u00fd de\u0148.<\/p>\n\n\n\n<figure class=\"wp-block-audio\"><audio controls src=\"https:\/\/oakroadinvest.club\/Vydavatelstvo\/wp-content\/uploads\/2025\/02\/abc-sluch-ready.mp3\"><\/audio><\/figure>\n<\/div><figure class=\"wp-block-media-text__media\"><img decoding=\"async\" width=\"683\" height=\"1024\" src=\"https:\/\/oakroadinvest.club\/Vydavatelstvo\/wp-content\/uploads\/2025\/02\/ABC-Rozpravky-1-683x1024.png\" alt=\"\" class=\"wp-image-218 size-full\"\/><\/figure><\/div>\n\n\n\n<div style=\"height:calc( 0.25 * var(--wp--style--root--padding-right, var(--wp--custom--gap--horizontal)))\" aria-hidden=\"true\" class=\"wp-block-spacer\"><\/div>\n<\/div>\n\n\n\n<p><\/p>\n","protected":false},"excerpt":{"rendered":"<p>Deti s\u00fa z\u00e1zrak. Vie to aj Lucia Golinska, autorka pr\u00edbehu o diev\u010datku El\u017ebietke, ktor\u00e1 vie ve\u013emi pekne kresli\u0165. Jej okolie si ju v\u0161ak nev\u0161\u00edma, a tak je El\u017ebietka smutn\u00e1. Jedn\u00e9ho d\u0148a venuje jeden zo svojich obrazov star\u0161iemu p\u00e1novi, ktor\u00fd je predava\u010dom na trhu, v\u00fdmenou za jeho star\u00fd, ale z\u00e1zra\u010dn\u00fd kab\u00e1t. Ten dok\u00e1\u017ee ka\u017ed\u00e9ho, kto si [&hellip;]<\/p>\n","protected":false},"author":1,"featured_media":0,"parent":0,"menu_order":0,"comment_status":"closed","ping_status":"closed","template":"","meta":{"footnotes":""},"class_list":["post-272","page","type-page","status-publish","hentry"],"aioseo_notices":[],"jetpack_sharing_enabled":true,"_links":{"self":[{"href":"https:\/\/oakroadinvest.club\/Vydavatelstvo\/wp-json\/wp\/v2\/pages\/272","targetHints":{"allow":["GET"]}}],"collection":[{"href":"https:\/\/oakroadinvest.club\/Vydavatelstvo\/wp-json\/wp\/v2\/pages"}],"about":[{"href":"https:\/\/oakroadinvest.club\/Vydavatelstvo\/wp-json\/wp\/v2\/types\/page"}],"author":[{"embeddable":true,"href":"https:\/\/oakroadinvest.club\/Vydavatelstvo\/wp-json\/wp\/v2\/users\/1"}],"replies":[{"embeddable":true,"href":"https:\/\/oakroadinvest.club\/Vydavatelstvo\/wp-json\/wp\/v2\/comments?post=272"}],"version-history":[{"count":3,"href":"https:\/\/oakroadinvest.club\/Vydavatelstvo\/wp-json\/wp\/v2\/pages\/272\/revisions"}],"predecessor-version":[{"id":730,"href":"https:\/\/oakroadinvest.club\/Vydavatelstvo\/wp-json\/wp\/v2\/pages\/272\/revisions\/730"}],"wp:attachment":[{"href":"https:\/\/oakroadinvest.club\/Vydavatelstvo\/wp-json\/wp\/v2\/media?parent=272"}],"curies":[{"name":"wp","href":"https:\/\/api.w.org\/{rel}","templated":true}]}}